{"id":711,"date":"2015-03-12T14:07:46","date_gmt":"2015-03-12T17:07:46","guid":{"rendered":"http:\/\/avada.theme-fusion.com_demos\/lifestyle\/?page_id=8"},"modified":"2020-10-29T00:40:28","modified_gmt":"2020-10-29T03:40:28","slug":"index","status":"publish","type":"page","link":"https:\/\/a113comunicacao.com.br\/","title":{"rendered":"Inicial"},"content":{"rendered":"<p><div class=\"fusion-fullwidth fullwidth-box fusion-builder-row-1 hundred-percent-fullwidth non-hundred-percent-height-scrolling fusion-equal-height-columns\"  style='background-color: rgba(255,255,255,0);background-position: left top;background-repeat: no-repeat;padding-top:0px;padding-right:0px;padding-bottom:0px;padding-left:0px;border-top-width:0px;border-bottom-width:0px;border-color:#eae9e9;border-top-style:solid;border-bottom-style:solid;'><div class=\"fusion-builder-row fusion-row \"><div  class=\"fusion-layout-column fusion_builder_column fusion_builder_column_1_5 fusion-builder-column-0 fusion-one-fifth fusion-column-first fusion-column-inner-bg-wrapper 1_5\"  style='margin-top:0px;margin-bottom:0px;'><div class=\"fusion-column-wrapper\" style=\"padding: 0px 0px 0px 0px;\"  data-bg-url=\"https:\/\/a113comunicacao.com.br\/wp-content\/uploads\/2017\/07\/online-942408_1920_red_crop.jpg\"><div class=\"fusion-sep-clear\"><\/div><div class=\"fusion-separator fusion-full-width-sep sep-none mySep\" style=\"margin-left: auto;margin-right: auto;margin-top:550px;\"><\/div><div style=\"height: 125px; background: #9a89d1; padding: 30px 50px; color: #ffffff; opacity: 0.95;\">\n<h3><a style=\"color: #ffffff;\" href=\"http:\/\/a113comunicacao.com.br\/wp-content\/uploads\/2017\/07\/online-942408_1920_red_crop.jpg\">On Line<\/a><\/h3>\n<\/div>\n<div class=\"fusion-clearfix\"><\/div><\/div><span class=\"fusion-column-inner-bg hover-type-zoomin\" ><a href=\"https:\/\/a113comunicacao.com.br\/index.php\/online\/\" aria-label=\"online-942408_1920_red_crop\"><span class=\"fusion-column-inner-bg-image\"  style=\"background-image: url('https:\/\/a113comunicacao.com.br\/wp-content\/uploads\/2017\/07\/online-942408_1920_red_crop.jpg');background-position:right center;background-repeat:no-repeat;-webkit-background-size:cover;-moz-background-size:cover;-o-background-size:cover;background-size:cover;\"><\/span><\/a><\/span><\/div><div  class=\"fusion-layout-column fusion_builder_column fusion_builder_column_1_5 fusion-builder-column-1 fusion-one-fifth fusion-column-inner-bg-wrapper 1_5\"  style='margin-top:0px;margin-bottom:0px;'><div class=\"fusion-column-wrapper\" style=\"padding: 0px 0px 0px 0px;\"  data-bg-url=\"https:\/\/a113comunicacao.com.br\/wp-content\/uploads\/2017\/07\/printing-253437_red.jpg\"><div class=\"fusion-column-content-centered\"><div class=\"fusion-column-content\"><div class=\"fusion-sep-clear\"><\/div><div class=\"fusion-separator fusion-full-width-sep sep-none mySep\" style=\"margin-left: auto;margin-right: auto;margin-top:550px;\"><\/div><div style=\"height: 125px; background: #fa9988; padding: 30px 50px; color: #ffffff; opacity: 0.95;\">\n<h3><a style=\"color: #ffffff;\" href=\"\/avada\/lifestyle\/home-garden\/\">Off Line<\/a><\/h3>\n<\/div>\n<\/div><\/div><div class=\"fusion-clearfix\"><\/div><\/div><span class=\"fusion-column-inner-bg hover-type-zoomin\" ><a href=\"https:\/\/a113comunicacao.com.br\/index.php\/offline\/\" aria-label=\"printing-253437_red\"><span class=\"fusion-column-inner-bg-image\"  style=\"background-image: url('https:\/\/a113comunicacao.com.br\/wp-content\/uploads\/2017\/07\/printing-253437_red.jpg');background-position:center bottom;background-repeat:no-repeat;-webkit-background-size:cover;-moz-background-size:cover;-o-background-size:cover;background-size:cover;\"><\/span><\/a><\/span><\/div><div  class=\"fusion-layout-column fusion_builder_column fusion_builder_column_1_5 fusion-builder-column-2 fusion-one-fifth fusion-column-inner-bg-wrapper 1_5\"  style='margin-top:0px;margin-bottom:0px;'><div class=\"fusion-column-wrapper\" style=\"padding: 0px 0px 0px 0px;\"  data-bg-url=\"https:\/\/a113comunicacao.com.br\/wp-content\/uploads\/2017\/07\/Filmes_Finalcut01.jpg\"><div class=\"fusion-column-content-centered\"><div class=\"fusion-column-content\"><div class=\"fusion-sep-clear\"><\/div><div class=\"fusion-separator fusion-full-width-sep sep-none mySep\" style=\"margin-left: auto;margin-right: auto;margin-top:550px;\"><\/div><div style=\"height: 125px; background: #64ada4; padding: 30px 50px; color: #ffffff; opacity: 0.95;\">\n<h3><a style=\"color: #ffffff;\" href=\"\/avada\/lifestyle\/health-wellbeing\/\">\u00c1udio e V\u00eddeo<\/a><\/h3>\n<\/div>\n<\/div><\/div><div class=\"fusion-clearfix\"><\/div><\/div><span class=\"fusion-column-inner-bg hover-type-zoomin\" ><a href=\"https:\/\/a113comunicacao.com.br\/index.php\/audioevideo\/\" aria-label=\"Filmes_Finalcut01\"><span class=\"fusion-column-inner-bg-image\"  style=\"background-image: url('https:\/\/a113comunicacao.com.br\/wp-content\/uploads\/2017\/07\/Filmes_Finalcut01.jpg');background-position:right bottom;background-repeat:no-repeat;-webkit-background-size:cover;-moz-background-size:cover;-o-background-size:cover;background-size:cover;\"><\/span><\/a><\/span><\/div><div  class=\"fusion-layout-column fusion_builder_column fusion_builder_column_1_5 fusion-builder-column-3 fusion-one-fifth fusion-column-inner-bg-wrapper 1_5\"  style='margin-top:0px;margin-bottom:0px;'><div class=\"fusion-column-wrapper\" style=\"padding: 0px 0px 0px 0px;\"  data-bg-url=\"https:\/\/a113comunicacao.com.br\/wp-content\/uploads\/2017\/07\/photographer-424623_cut1.jpg\"><div class=\"fusion-sep-clear\"><\/div><div class=\"fusion-separator fusion-full-width-sep sep-none mySep\" style=\"margin-left: auto;margin-right: auto;margin-top:550px;\"><\/div><div style=\"height: 125px; background: #f5ac41; padding: 30px 50px; color: #ffffff; opacity: 0.95;\">\n<h3><a style=\"color: #ffffff;\" href=\"\/avada\/lifestyle\/spa\/\">Fotografia<\/a><\/h3>\n<\/div>\n<div class=\"fusion-clearfix\"><\/div><\/div><span class=\"fusion-column-inner-bg hover-type-zoomin\" ><a href=\"https:\/\/a113comunicacao.com.br\/index.php\/fotografia-2\" aria-label=\"photographer-424623_cut1\"><span class=\"fusion-column-inner-bg-image\"  style=\"background-image: url('https:\/\/a113comunicacao.com.br\/wp-content\/uploads\/2017\/07\/photographer-424623_cut1.jpg');background-position:right center;background-repeat:no-repeat;-webkit-background-size:cover;-moz-background-size:cover;-o-background-size:cover;background-size:cover;\"><\/span><\/a><\/span><\/div><div  class=\"fusion-layout-column fusion_builder_column fusion_builder_column_1_5 fusion-builder-column-4 fusion-one-fifth fusion-column-last fusion-column-inner-bg-wrapper 1_5\"  style='margin-top:0px;margin-bottom:0px;'><div class=\"fusion-column-wrapper\" style=\"padding: 0px 0px 0px 0px;\"  data-bg-url=\"https:\/\/a113comunicacao.com.br\/wp-content\/uploads\/2017\/11\/startup-593324_red_cut2.jpg\"><div class=\"fusion-sep-clear\"><\/div><div class=\"fusion-separator fusion-full-width-sep sep-none mySep\" style=\"margin-left: auto;margin-right: auto;margin-top:550px;\"><\/div><div style=\"height: 125px; background: #74c5e3; padding: 30px 50px; color: #ffffff; opacity: 0.95;\">\n<h3><a style=\"color: #ffffff;\" href=\"\/avada\/lifestyle\/fashion-beauty\/\">Conte\u00fado<\/a><\/h3>\n<\/div>\n<div class=\"fusion-clearfix\"><\/div><\/div><span class=\"fusion-column-inner-bg hover-type-zoomin\" ><a href=\"https:\/\/a113comunicacao.com.br\/index.php\/conteudo\" aria-label=\"startup-593324_red_cut2\"><span class=\"fusion-column-inner-bg-image\"  style=\"background-image: url('https:\/\/a113comunicacao.com.br\/wp-content\/uploads\/2017\/11\/startup-593324_red_cut2.jpg');background-position:right bottom;background-repeat:no-repeat;-webkit-background-size:cover;-moz-background-size:cover;-o-background-size:cover;background-size:cover;\"><\/span><\/a><\/span><\/div><\/div><\/div><div class=\"fusion-fullwidth fullwidth-box fusion-builder-row-2 nonhundred-percent-fullwidth non-hundred-percent-height-scrolling\"  style='background-color: rgba(255,255,255,0);background-position: left top;background-repeat: no-repeat;padding-top:50px;padding-right:50px;padding-bottom:10px;padding-left:0px;border-top-width:0px;border-bottom-width:0px;border-color:#eae9e9;border-top-style:solid;border-bottom-style:solid;'><div class=\"fusion-builder-row fusion-row \"><div  class=\"fusion-layout-column fusion_builder_column fusion_builder_column_1_2 fusion-builder-column-5 fusion-one-half fusion-column-first 1_2\"  style='margin-top:0px;margin-bottom:0px;width:48%; margin-right: 4%;'><div class=\"fusion-column-wrapper\" style=\"padding: 0px 0px 0px 0px;background-position:left top;background-repeat:no-repeat;-webkit-background-size:cover;-moz-background-size:cover;-o-background-size:cover;background-size:cover;\"   data-bg-url=\"\"><div class=\"fusion-sep-clear\"><\/div><div class=\"fusion-separator fusion-full-width-sep sep-none\" style=\"margin-left: auto;margin-right: auto;margin-top:15px;\"><\/div><span style=\"margin-right:25px;float:left;\" class=\"fusion-imageframe imageframe-none imageframe-1 hover-type-none\"><img loading=\"lazy\" decoding=\"async\" src=\"https:\/\/a113comunicacao.com.br\/wp-content\/uploads\/2015\/03\/brainstorm_arredondado.png\" width=\"724\" height=\"684\" alt=\"\" title=\"brainstorm_arredondado\" class=\"img-responsive wp-image-2205\" srcset=\"https:\/\/a113comunicacao.com.br\/wp-content\/uploads\/2015\/03\/brainstorm_arredondado-200x189.png 200w, https:\/\/a113comunicacao.com.br\/wp-content\/uploads\/2015\/03\/brainstorm_arredondado-400x378.png 400w, https:\/\/a113comunicacao.com.br\/wp-content\/uploads\/2015\/03\/brainstorm_arredondado-600x567.png 600w, https:\/\/a113comunicacao.com.br\/wp-content\/uploads\/2015\/03\/brainstorm_arredondado.png 724w\" sizes=\"auto, (max-width: 1125px) 100vw, 600px\" \/><\/span><div class=\"fusion-clearfix\"><\/div><\/div><\/div><div  class=\"fusion-layout-column fusion_builder_column fusion_builder_column_1_2 fusion-builder-column-6 fusion-one-half fusion-column-last 1_2\"  style='margin-top:0px;margin-bottom:0px;width:48%'><div class=\"fusion-column-wrapper\" style=\"padding: 0px 0px 0px 0px;background-position:left top;background-repeat:no-repeat;-webkit-background-size:cover;-moz-background-size:cover;-o-background-size:cover;background-size:cover;\"   data-bg-url=\"\"><div class=\"fusion-text\"><h2><\/h2>\n<h3><img loading=\"lazy\" decoding=\"async\" class=\"alignnone wp-image-2182\" style=\"font-size: 16px;\" src=\"https:\/\/a113comunicacao.com.br\/wp-content\/uploads\/2017\/07\/Logo_Comunicacao_512x300-300x176.png\" alt=\"\" width=\"217\" height=\"123\" \/><\/h3>\n<h3>N\u00f3s temos a solu\u00e7\u00e3o!<\/h3>\n<\/div><div class=\"fusion-sep-clear\"><\/div><div class=\"fusion-separator fusion-full-width-sep sep-none\" style=\"margin-left: auto;margin-right: auto;margin-top:15px;\"><\/div><div class=\"fusion-text\"><p style=\"text-align: justify;\">Solu\u00e7\u00f5es eficientes, e com pre\u00e7o justo, para pequenas e m\u00e9dias empresas que precisam fazer divulga\u00e7\u00e3o da marca, produtos ou a\u00e7\u00f5es pontuais, mas n\u00e3o possuem tempo ou pessoal necess\u00e1rios.<\/p>\n<p style=\"text-align: justify;\">Estudamos caso a caso os pedidos a n\u00f3s feitos, para oferecer a melhor solu\u00e7\u00e3o, com base criativa e ferramentas adequadas.<\/p>\n<p style=\"text-align: justify;\">Sem tempo para aquelas atualiza\u00e7\u00f5es semanais de seu site, blog ou rede social, para mostrar tend\u00eancias ou novidades? N\u00f3s temos a solu\u00e7\u00e3o.<\/p>\n<\/div><div class=\"fusion-sep-clear\"><\/div><div class=\"fusion-separator fusion-full-width-sep sep-none\" style=\"margin-left: auto;margin-right: auto;margin-top:15px;\"><\/div><div class=\"fusion-clearfix\"><\/div><\/div><\/div><\/div><\/div><div class=\"fusion-fullwidth fullwidth-box fusion-builder-row-3 nonhundred-percent-fullwidth non-hundred-percent-height-scrolling\"  style='background-color: rgba(255,255,255,0);background-position: center center;background-repeat: no-repeat;padding-top:0px;padding-right:50px;padding-bottom:0px;padding-left:0px;'><div class=\"fusion-builder-row fusion-row \"><div  class=\"fusion-layout-column fusion_builder_column fusion_builder_column_1_1 fusion-builder-column-7 fusion-one-full fusion-column-first fusion-column-last 1_1\"  style='margin-top:0px;margin-bottom:0px;'><div class=\"fusion-column-wrapper\" style=\"padding: 0px 0px 0px 0px;background-position:left top;background-repeat:no-repeat;-webkit-background-size:cover;-moz-background-size:cover;-o-background-size:cover;background-size:cover;\"   data-bg-url=\"\"><div class=\"fusion-sep-clear\"><\/div><div class=\"fusion-separator fusion-full-width-sep sep-single sep-solid\" style=\"border-color:#e0dede;border-top-width:1px;margin-left: auto;margin-right: auto;margin-top:;margin-bottom:20px;\"><\/div><div class=\"fusion-text\"><p style=\"text-align: center;\"><strong style=\"font-size: 18px; font-weight: bold;\">Por que\u00a0A113?<\/strong><\/p>\n<p>Muitos sabem que sou apaixonado pela Disney e a escolha do nome tem a ver com isso.<br \/>\n<span class=\"highlightNode\">A113<\/span>\u00a0\u00e9 uma sala do &#8220;California Institute of the Arts&#8221; naquela estudaram muitos animadores como John Lasseter, Tim Burton e Brad Bird.<br \/>\no\u00a0<span class=\"highlightNode\">A113<\/span>\u00a0tornou-se um easter egg de algumas anima\u00e7\u00f5es da Disney e est\u00e1 presente em todas da Pixar.<span class=\"text_exposed_show\"><br \/>\nSe quiserem ver onde foi aplicado, vejam este link:\u00a0<a href=\"http:\/\/www.classenerd.com.br\/2014\/06\/04\/codigo-a113-descubra-segredo-pixar-disney\/#.WZdNO5OGNE5\">http:\/\/www.classenerd.com.br\/2014\/06\/04\/codigo-a113-descubra-segredo-pixar-disney\/#.WZdNO5OGNE5<\/a><\/span><\/p>\n<\/div><div class=\"fusion-clearfix\"><\/div><\/div><\/div><\/div><\/div><\/p>\n","protected":false},"excerpt":{"rendered":"","protected":false},"author":1,"featured_media":0,"parent":0,"menu_order":0,"comment_status":"closed","ping_status":"closed","template":"100-width.php","meta":{"_bbp_topic_count":0,"_bbp_reply_count":0,"_bbp_total_topic_count":0,"_bbp_total_reply_count":0,"_bbp_voice_count":0,"_bbp_anonymous_reply_count":0,"_bbp_topic_count_hidden":0,"_bbp_reply_count_hidden":0,"_bbp_forum_subforum_count":0,"_monsterinsights_skip_tracking":false,"_monsterinsights_sitenote_active":false,"_monsterinsights_sitenote_note":"","_monsterinsights_sitenote_category":0,"footnotes":""},"class_list":["post-711","page","type-page","status-publish","hentry"],"_links":{"self":[{"href":"https:\/\/a113comunicacao.com.br\/index.php\/wp-json\/wp\/v2\/pages\/711","targetHints":{"allow":["GET"]}}],"collection":[{"href":"https:\/\/a113comunicacao.com.br\/index.php\/wp-json\/wp\/v2\/pages"}],"about":[{"href":"https:\/\/a113comunicacao.com.br\/index.php\/wp-json\/wp\/v2\/types\/page"}],"author":[{"embeddable":true,"href":"https:\/\/a113comunicacao.com.br\/index.php\/wp-json\/wp\/v2\/users\/1"}],"replies":[{"embeddable":true,"href":"https:\/\/a113comunicacao.com.br\/index.php\/wp-json\/wp\/v2\/comments?post=711"}],"version-history":[{"count":30,"href":"https:\/\/a113comunicacao.com.br\/index.php\/wp-json\/wp\/v2\/pages\/711\/revisions"}],"predecessor-version":[{"id":2480,"href":"https:\/\/a113comunicacao.com.br\/index.php\/wp-json\/wp\/v2\/pages\/711\/revisions\/2480"}],"wp:attachment":[{"href":"https:\/\/a113comunicacao.com.br\/index.php\/wp-json\/wp\/v2\/media?parent=711"}],"curies":[{"name":"wp","href":"https:\/\/api.w.org\/{rel}","templated":true}]}}